be d(8). Let l be (-2)/5*j/3. Suppose 3*r + r = l. List the prime factors of r.
3
Let b(x) = -x**3 + 4*x**2 + x + 2. Let u be b(4). Suppose -3*s + v = 6*v - 82, -4*v + 25 = s. Let g = u + s. List the prime factors of g.
5, 7
Let k = -438 + 288. Let w = 262 + k. List the prime factors of w.
2, 7
Let s(v) = 21*v - 10. Let d be s(9). Let y = -10 + d. What are the prime factors of y?
13
Let a be (-15)/(-25) - 486/10. Let h be (33/4)/((-3)/a). Suppose 0 = 2*q + q - h. List the prime factors of q.
2, 11
Let q = 50 - -5. Suppose -4*o + 3*p - q - 19 = 0, 2*o + 38 = 2*p. Let m = o - -25. List the prime factors of m.
2
Suppose -63 = -5*i + 252. Let q = -50 + i. List the prime factors of q.
13
List the prime factors of -21*(14/(-5))/(54/180).
2, 7
Let z = -636 - -896. What are the prime factors of z?
2, 5, 13
List the prime factors of -4 + ((-10404)/8)/(-9)*4.
2, 7, 41
Let t(g) = g**3 - 2*g**2 + 2*g - 1. Let l be t(2). Suppose -3*n = -5*q + q + 31, n + 6 = -l*q. Let y(v) = -v + 4. List the prime factors of y(n).
13
Let o = 3026 + -804. List the prime factors of o.
2, 11, 101
Let x(k) = k**3 + 11*k**2 + 7*k - 5. Let q be x(-10). Let t = -2 + 42. Suppose -5*c + t = -q. List the prime factors of c.
13
Suppose 11 - 2 = 9*q. Let z(n) = -2*n + 3 + 0 + 3*n**2 - 2. What are the prime factors of z(q)?
2
Let b(o) = 4*o - 8. Let q be b(1). List the prime factors of 0 + q/8 - 153/(-2).
2, 19
Let t = 754 - -482. List the prime factors of t.
2, 3, 103
Suppose -6*l + 2705 = -1993. What are the prime factors of l?
3, 29
Suppose 5*b = -53 + 68. Suppose 2*i - 5*q - 75 = 0, -4*i + 2*i = b*q - 83. List the prime factors of i.
2, 5
Suppose 0 = -13*x + 42409 - 1888. List the prime factors of x.
3, 1039
Let j be 4*15/(-18)*-3. Suppose j*y = y + 324. Let w = y + -19. List the prime factors of w.
17
List the prime factors of ((-2 + -318)/1)/((-26)/91).
2, 5, 7
Suppose -4*c + 3*n - 133 = 0, 2*c - 101 = 5*c - 2*n. Let q = c + 502. List the prime factors of ((-6)/(-9))/(10/q).
31
Suppose 0 = 3*r - 6*r + 243. Suppose -3*x + 47 = -z - 31, 0 = -3*x + 2*z + r. Suppose 3*u - 121 + x = 0. List the prime factors of u.
2
Let u(h) = -h + 5. Let f be u(8). What are the prime factors of ((-9)/f*-1 - -5) + 143?
5, 29
Let i be 3 - (-1 + 1) - -97. Suppose 0*d + i = 5*d. List the prime factors of d.
2, 5
Let t = 154 + -35. Suppose -t = -f - 0*f. List the prime factors of f.
7, 17
What are the prime factors of 118/(3*5/45)?
2, 3, 59
Let m be 136/(-12) + 3/9. Let j = 33 + m. List the prime factors of j.
2, 11
Suppose 4*f - 5*k = -9*k + 2296, -2*k = f - 575. What are the prime factors of f?
3, 191
Suppose 6*s = 2*s + 12. What are the prime factors of ((-60)/50)/(s/(-20))?
2
What are the prime factors of -7 + -10 + (-17790)/(-10)?
2, 881
Let h(o) be the first derivative of -25*o**2 + 2*o + 2. Let k be h(3). What are the prime factors of 10/(-15) - k/6?
2, 3
What are the prime factors of (-7 + -1)*-53*10?
2, 5, 53
Let c be (-1 + -1 + 1)*-2. Let b be 0/(c - 1 - 2). Suppose b*z - z = -26. What are the prime factors of z?
2, 13
Let p(t) = t**3 + 8*t**2 + 3*t + 4. Let k(i) = -4*i**3. Let o be k(1). Let h be p(o). Suppose -m + h = -0*m - 4*r, 0 = -2*r + 2. List the prime factors of m.
2, 3, 5
Suppose -11 - 4 = 5*p, 5*p + 626 = u. Suppose -6*l - 17 + u = 0. List the prime factors of l.
3, 11
Let r(i) = -i + 22. Let f = -14 - -14. Let p be f/(1/(-2)*-2). List the prime factors of r(p).
2, 11
Let h be (2/4)/((-2)/(-12)). Let z = 379 + -374. What are the prime factors of z*((1 - h) + 9)?
5, 7
Let l(m) = 867*m**3 - 6*m**2 + 2*m + 3. What are the prime factors of l(1)?
2, 433
Suppose 0 = -3*c + 11 - 5. Suppose -s + c*s - 75 = 0. List the prime factors of s.
3, 5
Suppose 10 = 5*k - 5. Suppose -k*q + 7 - 1 = 0. List the prime factors of q/4*(9 - 1).
2
What are the prime factors of (-40)/(1*(-3)/42)?
2, 5, 7
Let c(v) = 3*v**2 - 12*v + 12. Let t be c(7). Suppose -37 = -4*x + t. Let p = x + -7. List the prime factors of p.
3, 7
Suppose 3*j - 7 = 14. Suppose -4*m - 3*r = -j - 16, -5*r + 25 = 4*m. Suppose 3*h - 167 = -5*t, -3*t + m*h = -48 - 25. List the prime factors of t.
31
Let g be -4*1*(-4)/16. Suppose -4*y + 19 = -g. Suppose -y - 6 = -f. What are the prime factors of f?
11
Suppose 0 = -4*i - 4, 2*i - 5778 = d - 6*d. What are the prime factors of d?
2, 17
Let m be ((-20)/30)/((-2)/(-21)). Let s = 5 - m. Suppose f + 3*a = s, 0 = 4*f + a - 88 - 15. What are the prime factors of f?
3
Let g be (-256)/10 - 4/10. Let u be (g/3)/(2/(-6)). Suppose 5*t + 5*f = u + 239, 3*t = -4*f + 161. What are the prime factors of t?
3, 17
Suppose -y = -1 - 2. Suppose -310 = -y*x + 269. What are the prime factors of x?
193
Let h = -10 - -5. Let q(l) = -l**3 - 5*l**2 - 2*l - 7. Let d be q(h). Suppose -2*z = p - 24, -2*z - p = -d*z + 12. List the prime factors of z.
2, 3
Suppose -192 = -3*k - k. Suppose -2*z - 4*v + 34 = 96, -3*v = -5*z - 90. Let b = z + k. What are the prime factors of b?
3
Suppose -2*b - 2 = 0, k = 3*b - 45 - 63. Let v = k + 173. Let d = v - 40. List the prime factors of d.
2, 11
What are the prime factors of (-1 - 4) + 1*96?
7, 13
Suppose 3*n = 23 - 59. Let p be (-8)/n - (-4)/(-6). Suppose -5*a + 19 + 31 = p. List the prime factors of a.
2, 5
Suppose -19 = -2*u + 499. List the prime factors of u.
7, 37
Suppose 6*m - 6750 = -24*m. List the prime factors of m.
3, 5
Let c = 29 - 87. Suppose 3*k + 2*k - 430 = 0. Let h = k + c. List the prime factors of h.
2, 7
Let s(v) = -212*v + 121. List the prime factors of s(-22).
3, 5, 11, 29
Let q = -3593 - -5255. What are the prime factors of q?
2, 3, 277
Let o = -3193 + 5589. List the prime factors of o.
2, 599
Suppose -6*q = -9*q + 2*g + 1720, 4*g - 2320 = -4*q. What are the prime factors of q?
2, 3
Let g = 167 - 112. Let t be 11/g + (-38)/(-10). Suppose i - 1 = p + 17, 0 = t*i + 4*p - 56. What are the prime factors of i?
2
Let q(u) = -u**3 + 6*u**2 - 7*u + 5. Let n be (-4)/(-10) + (-36)/(-10). Let v be q(n). Suppose -3*i + 6*i - v = 0. What are the prime factors of i?
3
Suppose 4*h - 12 = 0, 5*c + 5*h - 12 = 8. List the prime factors of (-126)/(-10) - c/(-10)*4.
13
Suppose 0 = 13*x - 17*x + 2*u + 5122, 4*x = 4*u + 5120. What are the prime factors of x?
3, 7, 61
Let z(r) = -2*r**2 + 120*r - 28. What are the prime factors of z(40)?
2, 3, 131
Let p = 57 - 13. Let l = p - 24. What are the prime factors of l?
2, 5
Suppose -2*k - 26 = 3*t, -2*k + 3*t = 1 + 1. List the prime factors of ((-12)/(-9))/(-4)*2793/k.
7, 19
Let p = 6 + -4. Suppose -p*n + 47 = 3*s + 10, 5*n - 4*s - 150 = 0. What are the prime factors of n?
2, 13
Let g(s) = 11*s**2 - 6*s + 3. Let a be g(-4). Let d = a - 69. What are the prime factors of d?
2, 67
Let y(u) = -u**2 + 10*u - 19. Let v be y(8). Let t(f) = -5*f - 4. Let w(r) = 5*r + 4. Let c(k) = 5*t(k) + 4*w(k). List the prime factors of c(v).
11
Suppose 6*i + 160 = -212. Let m = i + 118. List the prime factors of m.
2, 7
Let w(b) be the second derivative of b**4/3 + 2*b**3 - 3*b**2/2 + 31*b. What are the prime factors of w(-6)?
3, 23
Let d(x) = x**3 + 2*x**2 - 4*x - 3. Let w be d(-3). Suppose -j - 25 + 75 = w. List the prime factors of j.
2, 5
Let a(p) be the first derivative of -p**3/3 - 15*p**2 - 43*p - 36. List the prime factors of a(-15).
2, 7, 13
Let k(t) = t**3 - t**2. Let d be k(0). Suppose d = 6*x + 8*x - 2324. List the prime factors of x.
2, 83
Suppose 4*p - 2452 = -36. Let y be p/(-6) + (-2)/6. Let c = -59 - y. List the prime factors of c.
2, 3, 7
Let f(h) = -h**3 + 6*h**2 + 8*h. Let j be f(6). Let c be (-50)/16 - (-6)/j. List the prime factors of -1 + 0 - 45/c.
2, 7
Let v(z) = -6*z**3 + 4*z**2. Let s be v(-3). Let k = s - 135. List the prime factors of k.
3, 7
Let q(g) = -g**3 + 28*g**2 + 38*g - 9. What are the prime factors of q(26)?
3, 7, 37
Suppose -13*z + 148 = -9*z. Suppose c = -4*d + 163, 4*c - z = -3*d + 69. Let u = d - 9. What are the prime factors of u?
3, 11
Let b(n) = -2*n + 3. Let g(o) = 3*o - 5. Let l(r) = 7*b(r) + 5*g(r). Let t be l(9). Let d(u) = u**3 - 4*u**2 - u + 11. List the prime factors of d(t).
31
Let u(k) = 4*k**2 - 132. List the prime factors of u(32).
2, 991
Let u = 33 - -214. Suppose -q - 81 = -g, q = 3*g - q - u. List the prime factors of g.
5, 17
List the prime factors of -1209*(-2 - 25/(-15)).
13, 31
Suppose 2*o = 3*l + 24